Suppose l - 18 = -20. Is y(l) composite?
False
Is -3*2*(2 - 54185/15) a prime number?
False
Suppose 3*g - 5*i = 0, -5*g - i + 3 = -25. Suppose -g*c + 1652 = -4*c. Suppose c = 3*n + n. Is n prime?
False
Let w(g) = 24*g**2 + 2. Let u be w(-4). Suppose o = -u + 1690. Let z = o - 501. Is z composite?
True
Suppose 20075 = 10*l - 5*l. Let a = 7368 - l. Is a prime?
False
Let o be (1 - -11)*(-94)/(-6). Suppose -k = 3*k - 20. Suppose -667 = -4*u + 3*z, 0*u + u - o = k*z. Is u a composite number?
False
Let m(f) = 72*f**2 - 2*f + 169. Is m(10) a prime number?
True
Let z(l) = 1353*l**2 + 6*l - 10. Is z(-7) composite?
True
Let b(f) be the second derivative of -4*f**3 + 35*f**2/2 + 31*f. Is b(-23) prime?
True
Let y be (-12)/9*6 + 1. Is y/(-14) + (-673)/(-2) composite?
False
Let t(o) = 9*o**2 + 4*o + 8. Let z(d) = 7*d**2 - 1 - 3*d**2 - 3*d**2 - 13*d + 14*d. Let i(s) = t(s) + 2*z(s). Is i(-2) a composite number?
True
Let n(m) = -m**2 + 34*m - 11. Let o = 79 + -67. Is n(o) prime?
False
Suppose 4*z = -2*d + 1630, 4*d - 1997 = 5*z + 1211. Suppose 9*h - 480 - d = 0. Is h a composite number?
True
Let d be (-144)/(-42)*(0 - -7). Suppose -3*v - 6 + d = 0. Is (-2)/4 - (-1593)/v prime?
False
Suppose 1380 = 5*q - 20595. Suppose 0 = 2*y + 3*s - 1739, 2*s + q = 7*y - 2*y. Is y a composite number?
False
Let u = 12161 + -5784. Let l = -3490 + u. Is l prime?
True
Suppose 3*k + 16 = 7*k. Is k/(-4)*(0 - 191) prime?
True
Let z(s) = 0*s - s + 266 + 3*s + 169 + 188. Suppose -v = 2*v. Is z(v) a prime number?
False
Suppose -3 = -3*q + 3*f, -3*q - 6*f = -2*f - 31. Suppose i + 2*o = -3*i + 834, 0 = 4*i - q*o - 869. Is i a prime number?
True
Let t be 0*(2 + (-6)/4). Suppose -4*k + k + 2973 = t. Is k a prime number?
True
Suppose 5*t = 0, 3*s + 2*t + 4134 = 4*t. Let q = s + 2919. Is q a composite number?
True
Let z = 2281 - 3355. Is (0 + z/5)/((-6)/15) a composite number?
True
Let w = 45337 + 35040. Is w composite?
True
Is -3163*3/((-21)/7) prime?
True
Let o = -263 - -455. Suppose 0*j = -4*j + o. Let h = 115 - j. Is h prime?
True
Is 6521*(0 - 1)*(-2)/2 a prime number?
True
Suppose q = 2*q - 5*j - 2, -4*q - 5*j = -8. Is q*-2 + 683 + -5 a composite number?
True
Let z be (-15 - 1)*(-777)/12. Suppose -4*x + z = 176. Is x a prime number?
False
Suppose 5*c - 7 - 13 = 0. Suppose 7 + 6 = 5*q - c*n, 0 = -2*q - n + 13. Suppose q*j = j + 1436. Is j composite?
False
Let l = -1295 + 532. Let c = l + 1170. Is c a composite number?
True
Suppose 3*m = -1297 - 1385. Let s = 2435 + m. Is s prime?
False
Is 1914/15 + (-21)/35 a prime number?
True
Suppose 4*z - 6 = 2*z. Suppose -z*g = 0, 131 = -u - 3*g - 101. Let x = 1699 - u. Is x prime?
True
Let a be ((-1 + 2)*1)/((-3)/(-27)). Is a/(-36) + 9370/8 a composite number?
False
Let o(w) be the second derivative of w**4/12 + 5*w**3/6 + 3*w**2 + 2*w. Let d be o(-4). Suppose -2*r + 5*q + 120 = -r, -d*q - 425 = -3*r. Is r prime?
False
Suppose 0 = 38*h - 35*h - 609. Is h composite?
True
Suppose -2*h - 5 - 49 = 0. Let k = -22 - h. Suppose -o - 990 = -k*n + 4*o, 213 = n + 2*o. Is n a prime number?
False
Let r = 48 - 50. Is (r/(-4))/(2/6296) a composite number?
True
Suppose 1004 = 4*f - 632. Is f a composite number?
False
Let m(q) = q**2 - 12*q - 1. Let i(v) = -1. Let j(a) = 2*i(a) + m(a). Let y be j(12). Is y - 141*(-4)/6 a composite number?
True
Is (78622 - -22)*(-5)/(-20) a composite number?
False
Let b(f) = -35*f. Let n be b(2). Let g = n + 323. Suppose g = -3*o + 700. Is o composite?
False
Suppose 5*m + x - 20455 = 0, -2*x - x = 5*m - 20455. Is m composite?
False
Suppose -3*v = 4*o - 173, -3*v - 20 = 5*o - 192. Let k = v + -12. Let z = -24 + k. Is z a prime number?
True
Suppose -4*y = 4*b - 12, 0 = 6*y - y - 3*b - 39. Is ((8/y)/(-4))/(2/(-222)) prime?
True
Let o(b) = -279*b**3 - 5*b**2 - 21*b - 11. Is o(-2) a prime number?
True
Suppose 3*h = 3 + 6. Suppose -w + b + h = 0, -3*w + 2*w + 3*b = 3. Is w prime?
False
Is 277334/92*(-20)/(-2) a prime number?
False
Suppose -7*j + 63 = -2*j - 3*q, -4*j + 45 = 3*q. Suppose 2164 = j*w - 8*w. Is w a prime number?
True
Let i(h) = -194*h**3 - h**2 + 2*h - 1. Is i(-2) a prime number?
True
Suppose -3*h + 15 = -3*b + b, 4*h = -3*b + 20. Suppose 106 = -2*v + 4*v - n, b = -5*n. Is v a composite number?
False
Let a(u) = -8*u**2 + 4*u - 17. Let m(p) = 8*p**2 - 4*p + 16. Let w(j) = 2*a(j) + 3*m(j). Is w(3) a composite number?
True
Let z be 9/(18/8) - 4. Suppose -4*u + b + 502 + 431 = z, -2*u + 470 = -4*b. Is u a composite number?
False
Is (-149558)/(-3) - (-2)/6 a prime number?
True
Suppose -3*p + 2*w = -148, 4*w - 276 = -0*p - 5*p. Suppose -3*j + 37 = j + f, -4*j = 4*f - p. Suppose -4*g - 1484 = -j*g. Is g a prime number?
False
Suppose 0 = 12*o - o - 143. Suppose -1177 = -o*b + 12*b. Is b a prime number?
False
Let n(k) = 52*k**2 - 21*k - 686. Is n(39) prime?
True
Suppose 2*j + 8 = k - 5*k, -3*k = j + 6. Suppose 2*q + 0*q + 192 = j. Is (-2 - q)/((-2)/(-11)) composite?
True
Suppose -g - 1 = 5*k - 27, -3*k + 18 = 3*g. Suppose 2*y - c - g = 3, -4*y - c + 14 = 0. Suppose y*x - 2*m = -x + 592, -5*m + 10 = 0. Is x prime?
True
Let k be (-1)/4 - 495/(-60). Suppose 14*w - k*w - 8622 = 0. Is w a prime number?
False
Let h be (-3 - -4) + 3 + -1. Suppose h*q + 132 + 18 = 0. Is -3*(1 + -2) - q prime?
True
Let p = 38471 - 14248. Is p a prime number?
True
Suppose 3*i = -2*o + 250, 2*o + 2*i + 468 = 6*o. Suppose -2*p - 3*m = -o, -m + 177 = 3*p + 2*m. Is p prime?
False
Suppose 0 = 25*k - 58*k + 2567235. Is k prime?
False
Let q be (-2)/((12/(-783))/2). Suppose 0 = 5*t - 2*p - q, -t + 59 = -3*p - 1. Is t composite?
True
Suppose 0 = -t - 5 + 7. Suppose 0 = -t*x - 3*w + 3, -5*w + 2 = -3*x - 3. Suppose 4*c + 2 - 26 = x. Is c a composite number?
True
Suppose 4*u + 3 - 19 = -4*c, 6 = 3*u. Suppose 2*t - 1650 = -c*n, -2*n = -6*n + 4*t + 3268. Is n a composite number?
False
Let y(l) = 57*l - 3. Let h be y(-5). Let a be 1377/(-7) - (-2)/(-7). Let m = a - h. Is m a prime number?
False
Suppose -42*o + 177491 = -19*o. Is o prime?
True
Is (3413/2*-1)/((-9)/18) a prime number?
True
Let g(l) = -3*l**3 - 38*l**2 + 19*l - 41. Is g(-25) a composite number?
True
Let x = -112359 + 234380. Is x a prime number?
True
Let c = 1590 - 944. Let n = -426 + c. Is 1 + n - 0/11 prime?
False
Let f be (-10)/25 - (-2)/5. Suppose f = 3*k - 485 + 146. Is k + (-2)/(-4)*0 a composite number?
False
Let p = -16418 - -33665. Is p composite?
True
Let q(n) = 60*n**3 - 2*n + 1. Is q(1) a composite number?
False
Let o(r) = -r**3 - 8*r**2 - 2*r - 2. Let q be o(-6). Let n = -4 + 13. Let g = n - q. Is g composite?
False
Suppose 1 = -u + 5. Suppose u*d + 4*p = d + 105, -d + 3*p = -22. Is d prime?
True
Suppose 0 = 3*l + 1 - 19. Let n be (16/(-2))/((-3)/l). Suppose 14*x - n*x + 170 = 0. Is x composite?
True
Suppose 3*q - 3854 + 520 = -4*n, 4*n - 3344 = 2*q. Is n a prime number?
False
Let q(u) = -u**2 + 0*u - 2*u + 3*u + 15*u**3 + 53*u**3. Let o be q(1). Let g = o - 29. Is g a prime number?
False
Is (-3 - (-71005)/20) + (-5)/20 composite?
False
Let z(c) = 458*c + 85. Is z(6) a prime number?
True
Let c(p) = -p - 2. Let v be c(-7). Let z(o) = -2*o - 3*o**3 + o + 4*o + v. Is z(-4) composite?
True
Let x = 1 + 0. Suppose x = -a - 5. Is (-4)/a + (-1191)/(-9) composite?
True
Suppose 915160 = -33*z + 73*z. Is z a prime number?
False
Let r(v) = -280*v**3 + 17*v + 24. Is r(-5) a prime number?
True
Is (3 - 3)/(-9) - -35081 prime?
True
Let r(v) = -90*v - 9 + 239*v + 295*v. Is r(2) composite?
True
Suppose 3*d = 3 + 18. Suppose 5*w - d = 3. Suppose -358 = -w*x + 3*u + 247, -1234 = -4*x - 2*u. Is x a composite number?
False
Suppose -166636 = -40*t + 18204. Is t a prime number?
True
Suppose -4*v = 2*t + 14, 4*t + 6 = -6. Is -7 + 5 + (-1 - -566 - v) prime?
False
Let f(j) = -j**2 + 4*j. Let n be f(4). Let d(q) = 50 + 2*q**3 + 2 + 64 + 29 - q**3. Is d(n) a prime number?
False
Let v(d) = 28*d - 69. Is v(17) a composite number?
True
Let g(y) = 30*y**2 + 25*y - 20. Let r(b) = -20*b**2 - 17*b + 13. Let n(j) = 5*g(j) + 7*r(j). Is n(-7) composite?
False
Let o(l) = -90*l**3 - 3*l**2 + 5*l - 5. Let i be o(2). Let k = i + 1782. Is k prime?
False
Suppose 0 = 6*a - 5*a + 1845. Let q = a - -847. Is 48/(-32)*q/3 a composite number?
False
Let z(o) = -o**3 + 3*o**2 - o + 3. Let j be z(3). Suppose -h - 720 = -3*h + 3*w, h + 2*w - 360 =